, 1033
What are the prime factors of 12836?
2, 3209
What are the prime factors of 3417?
3, 17, 67
What are the prime factors of 2241?
3, 83
What are the prime factors of 7?
7
What are the prime factors of 908?
2, 227
What are the prime factors of 844?
2, 211
What are the prime factors of 385?
5, 7, 11
What are the prime factors of 58355?
5, 11, 1061
List the prime factors of 961.
31
List the prime factors of 22478.
2, 11239
List the prime factors of 841.
29
List the prime factors of 775.
5, 31
What are the prime factors of 2172?
2, 3, 181
What are the prime factors of 17984?
2, 281
What are the prime factors of 163?
163
List the prime factors of 6278.
2, 43, 73
List the prime factors of 23654.
2, 11827
List the prime factors of 8108.
2, 2027
What are the prime factors of 1619?
1619
What are the prime factors of 1064?
2, 7, 19
List the prime factors of 845.
5, 13
What are the prime factors of 6161?
61, 101
What are the prime factors of 319?
11, 29
What are the prime factors of 17099?
17099
List the prime factors of 22482.
2, 3, 1249
List the prime factors of 884.
2, 13, 17
List the prime factors of 3602.
2, 1801
List the prime factors of 6234.
2, 3, 1039
What are the prime factors of 98?
2, 7
What are the prime factors of 66843?
3, 7, 1061
List the prime factors of 10790.
2, 5, 13, 83
List the prime factors of 885.
3, 5, 59
List the prime factors of 45801.
3, 7, 727
List the prime factors of 48801.
3, 16267
List the prime factors of 240.
2, 3, 5
What are the prime factors of 32204?
2, 83, 97
List the prime factors of 4712.
2, 19, 31
List the prime factors of 159842.
2, 229, 349
What are the prime factors of 32715?
3, 5, 727
List the prime factors of 912.
2, 3, 19
What are the prime factors of 181?
181
What are the prime factors of 11490?
2, 3, 5, 383
List the prime factors of 1874.
2, 937
List the prime factors of 3015.
3, 5, 67
List the prime factors of 21574.
2, 7, 23, 67
List the prime factors of 312.
2, 3, 13
What are the prime factors of 128191?
7, 18313
What are the prime factors of 2134?
2, 11, 97
What are the prime factors of 806?
2, 13, 31
What are the prime factors of 30759?
3, 10253
List the prime factors of 7407.
3, 823
List the prime factors of 1858.
2, 929
List the prime factors of 22023.
3, 2447
What are the prime factors of 8987?
11, 19, 43
What are the prime factors of 164165?
5, 32833
What are the prime factors of 31125?
3, 5, 83
List the prime factors of 1695.
3, 5, 113
What are the prime factors of 7835?
5, 1567
What are the prime factors of 2018?
2, 1009
What are the prime factors of 4288?
2, 67
List the prime factors of 2145.
3, 5, 11, 13
List the prime factors of 177.
3, 59
List the prime factors of 31571.
131, 241
List the prime factors of 709.
709
What are the prime factors of 3390?
2, 3, 5, 113
List the prime factors of 308.
2, 7, 11
List the prime factors of 4985.
5, 997
List the prime factors of 20545.
5, 7, 587
What are the prime factors of 485?
5, 97
List the prime factors of 7199.
23, 313
What are the prime factors of 11719?
11719
What are the prime factors of 21437?
13, 17, 97
What are the prime factors of 14731?
14731
What are the prime factors of 264?
2, 3, 11
What are the prime factors of 1123?
1123
What are the prime factors of 2177?
7, 311
What are the prime factors of 83634?
2, 3, 53, 263
List the prime factors of 1968.
2, 3, 41
What are the prime factors of 933?
3, 311
List the prime factors of 1661.
11, 151
What are the prime factors of 7678?
2, 11, 349
List the prime factors of 71.
71
List the prime factors of 2608.
2, 163
List the prime factors of 11028.
2, 3, 919
What are the prime factors of 942?
2, 3, 157
What are the prime factors of 2550?
2, 3, 5, 17
List the prime factors of 1916.
2, 479
List the prime factors of 5453.
7, 19, 41
List the prime factors of 4667.
13, 359
List the prime factors of 3997.
7, 571
What are the prime factors of 19067?
23, 829
List the prime factors of 3264.
2, 3, 17
What are the prime factors of 23660?
2, 5, 7, 13
List the prime factors of 31924.
2, 23, 347
What are the prime factors of 7525?
5, 7, 43
What are the prime factors of 16187?
16187
List the prime factors of 2273.
2273
What are the prime factors of 346?
2, 173
List the prime factors of 81279.
3, 11, 821
List the prime factors of 20132.
2, 7, 719
List the prime factors of 2020.
2, 5, 101
What are the prime factors of 26066?
2, 13033
What are the prime factors of 711?
3, 79
What are the prime factors of 9739?
9739
What are the prime factors of 602?
2, 7, 43
What are the prime factors of 32093?
67, 479
List the prime factors of 77592.
2, 3, 53, 61
List the prime factors of 1071.
3, 7, 17
What are the prime factors of 6059?
73, 83
List the prime factors of 2415.
3, 5, 7, 23
What are the prime factors of 30988?
2, 61, 127
What are the prime factors of 23895?
3, 5, 59
What are the prime factors of 1702?
2, 23, 37
List the prime factors of 14278.
2, 11, 59
What are the prime factors of 6071?
13, 467
What are the prime factors of 17042?
2, 8521
List the prime factors of 2477.
2477
List the prime factors of 108493.
7, 11, 1409
List the prime factors of 25913.
25913
List the prime factors of 35949.
3, 23, 521
What are the prime factors of 5426?
2, 2713
What are the prime factors of 29673?
3, 7, 157
What are the prime factors of 4945?
5, 23, 43
List the prime factors of 1073.
29, 37
List the prime factors of 7213.
7213
List the prime factors of 1695.
3, 5, 113
List the prime factors of 12587.
41, 307
What are the prime factors of 71369?
23, 29, 107
List the prime factors of 6432.
2, 3, 67
List the prime factors of 6956.
2, 37, 47
What are the prime factors of 2037?
3, 7, 97
What are the prime factors of 24440?
2, 5, 13, 47
List the prime factors of 1305.
3, 5, 29
List the prime factors of 2504.
2, 313
List the prime factors of 2753.
2753
What are the prime factors of 4953?
3, 13, 127
List the prime factors of 2767.
2767
What are the prime factors of 122504?
2, 15313
List the prime factors of 31920.
2, 3, 5, 7, 19
List the prime factors of 601.
601
What are the prime factors of 1292?
2, 17, 19
What are the prime factors of 1044?
2, 3, 29
List the prime factors of 202.
2, 101
What are the prime factors of 10343?
10343
What are the prime factors of 11805?
3, 5, 787
List the prime factors of 92037.
3, 11, 2789
List the prime factors of 5332.
2, 31, 43
List the prime factors of 24111.
3, 19, 47
What are the prime factors of 1697?
1697
What are the prime factors of 1785?
3, 5, 7, 17
List the prime factors of 39772.
2, 61, 163
List the prime factors of 195.
3, 5, 13
What are the prime factors of 23380?
2, 5, 7, 167
What are the prime factors of 2224?
2, 139
List the prime factors of 2176.
2, 17
What are the prime factors of 5592?
2, 3, 233
List the prime factors of 70.
2, 5, 7
List the prime factors of 23046.
2, 3, 23, 167
What are the prime factors of 52611?
3, 13, 19, 71
What are the prime factors of 5692?
2, 1423
List the prime factors of 33210.
2, 3, 5, 41
What are the prime factors of 65522?
2, 181
List the prime factors of 5167.
5167
What are the prime factors of 14950?
2, 5, 13, 23
List the prime factors of 1052.
2, 263
What are the prime factors of 79096?
2, 9887
What are the prime factors of 14959?
7, 2137
What are the prime factors of 1915?
5, 383
What are the prime factors of 15012?
2, 3, 139
List the prime factors of 2334.
2, 3, 389
What are the prime factors of 6965?
5, 7, 199
What are the prime factors of 594?
2, 3, 11
List the prime factors of 13970.
2, 5, 11, 127
What are the prime factors of 7825?
5, 313
List the prime factors of 71849.
71849
What are the prime factors of 6525?
3, 5, 29
What are the prime factors of 3800?
2, 5, 19
List the prime factors of 76.
2, 19
List the prime factors of 50118.
2, 3, 8353
List the prime factors of 75545.
5, 29, 521
List the prime factors of 18744.
2, 3, 11, 71
List the prime factors of 4494.
2, 3, 7, 107
List the prime factors of 21148.
2, 17, 311
List the prime factors of 648.
2, 3
What are the prime factors of 2619?
3, 97
What are the prime factors of 9046?
2, 4523
What are the prime factors of 2242?
2, 19, 59
What are the prime factors of 68993?
68993
List the prime factors of 28825.
5, 1153
List the prime factors of 19011.
3, 6337
List the prime factors of 13291.
132